{"id":3648,"date":"2020-05-08T10:22:24","date_gmt":"2020-05-08T13:22:24","guid":{"rendered":"http:\/\/boasnovas.me\/novosite\/?page_id=3648"},"modified":"2021-01-22T11:54:56","modified_gmt":"2021-01-22T14:54:56","slug":"home-two-2","status":"publish","type":"page","link":"https:\/\/boasnovas.me\/novosite\/","title":{"rendered":"Home"},"content":{"rendered":"<p>[vc_row full_width=&#8221;stretch_row_content_no_spaces&#8221; css=&#8221;.vc_custom_1509967740917{margin-top: 0px !important;margin-bottom: 0px !important;padding-top: 0px !important;padding-bottom: 0px !important;}&#8221;][vc_column css=&#8221;.vc_custom_1503251047476{margin-top: 0px !important;margin-bottom: 0px !important;}&#8221;][rev_slider_vc alias=&#8221;homepage2-11-1&#8243;][\/vc_column][\/vc_row][vc_row full_width=&#8221;stretch_row&#8221; parallax=&#8221;content-moving&#8221; css=&#8221;.vc_custom_1515746488244{padding-top: 60px !important;padding-bottom: 95px !important;background-image: url(http:\/\/keenitsolution.com\/products\/wordpress\/grassy\/\/wp-content\/uploads\/2017\/08\/counter-up.jpg?id=440) !important;background-position: center;background-repeat: no-repeat;background-size:cover;}&#8221;][vc_column el_class=&#8221;rs-counter-title&#8221;][vc_column_text]<\/p>\n<h2 style=\"text-align: center;\">Ol\u00e1, n\u00f3s somos a BoasNovas!<\/h2>\n<p style=\"text-align: center;\">Chegamos ao mercado em 2015. Na \u00e9poca, t\u00ednhamos uma filosofia de trabalho simples, que se mant\u00e9m at\u00e9 hoje: <strong>criar estrat\u00e9gias e desenvolver projetos de Comunica\u00e7\u00e3o Interna e Endomarketing que fa\u00e7am sentido para as pessoas.\u00a0<\/strong>Muito prazer!<\/p>\n<p style=\"text-align: center;\">#FiqueSempreDeBoas<\/p>\n<p>[\/vc_column_text][\/vc_column][\/vc_row][vc_row el_id=&#8221;rs-blog&#8221; css=&#8221;.vc_custom_1515068883278{padding-top: 55px !important;padding-bottom: 50px !important;}&#8221;][vc_column][vc_custom_heading text=&#8221;Blog&#8221; font_container=&#8221;tag:h2|text_align:left|color:%23f37f70&#8243;]<div class=\"rs-blog \">\r\n\t\t<div class=\"blog-carousel owl-carousel owl-navigation-yes\" data-carousel-options=\"{&quot;nav&quot;:true,&quot;navText&quot;:[&quot;&lt;i class=&#039;fa fa-angle-left&#039;&gt;&lt;\\\/i&gt;&quot;,&quot;&lt;i class=&#039;fa fa-angle-right&#039;&gt;&lt;\\\/i&gt;&quot;],&quot;dots&quot;:false,&quot;autoplay&quot;:true,&quot;autoplayTimeout&quot;:&quot;5000&quot;,&quot;autoplaySpeed&quot;:&quot;200&quot;,&quot;autoplayHoverPause&quot;:true,&quot;loop&quot;:true,&quot;margin&quot;:20,&quot;responsive&quot;:{&quot;0&quot;:{&quot;items&quot;:&quot;1&quot;},&quot;480&quot;:{&quot;items&quot;:&quot;2&quot;},&quot;768&quot;:{&quot;items&quot;:&quot;3&quot;},&quot;992&quot;:{&quot;items&quot;:&quot;3&quot;},&quot;1200&quot;:{&quot;items&quot;:&quot;3&quot;}}}\"><div class=\"blog-item\">\r\n\t\t\t\t<div class=\"blog-img\"> <img src=\"https:\/\/boasnovas.me\/novosite\/wp-content\/uploads\/2017\/11\/blog_image1.jpg\" alt=\"What We Do For You\" \/>\r\n\t\t\t\t<div class=\"cat_name\"><a href=\"https:\/\/boasnovas.me\/novosite\/category\/post-formats\/\">Formats<\/a><\/div>\r\n\t\t\t\t\t<div class=\"blog-img-content\">\r\n\t\t\t\t\t<div class=\"display-table\">\r\n\t\t\t\t\t\t<div class=\"display-table-cell\">\r\n\t\t\t\t\t\t\t<a class=\"blog-link\" href=\"https:\/\/boasnovas.me\/novosite\/?post_type=post&p=2162\" title=\"What We Do For You\">\r\n\t\t\t\t\t\t\t\t<i class=\"fa fa-link\"><\/i>\r\n\t\t\t\t\t\t\t<\/a>\r\n\t\t\t\t\t\t\t\r\n\t\t\t\t\t\t<\/div>\r\n\t\t\t\t\t<\/div>\r\n\t\t\t\t<\/div>\t\t\t  \r\n\t\t\t<\/div>\r\n\t\t\t <div class=\"blog-meta\">\r\n\t\t\t <h3 class=\"blog-title\"><a href=\"https:\/\/boasnovas.me\/novosite\/?post_type=post&p=2162\"> What We Do For You <\/a><\/h3>\r\n\t\t\t\t<div class=\"blog-date\">\r\n\t\t\t\t\t<i class=\"fa fa-calendar\"><\/i> 06\/11\/2017 \r\n\t\t\t\t\t<span class=\"author\"> <i class=\"fa fa-user\"><\/i> admin<\/span>\r\n\t\t\t\t<\/div>\r\n\t\t\t\t<div class=\"blog-lc\">\t\t\t\t\t\r\n\t\t\t\t\t<div class=\"comment\">\r\n\t\t\t\t\t\t<i class=\"fa fa-comments\"><\/i> 0\r\n\t\t\t\t\t<\/div>\r\n\t\t\t\t<\/div>\r\n\t\t\t<\/div>\r\n\t\t\t\r\n\t\t\t<div class=\"blog-desc\">\r\n\t\t\t\tIt is a long established fact that a reader will be distracted by the readable content of a page when...\r\n\t\t\t<\/div>\r\n\t\t\t<div class=\"blog-button\">\r\n\t\t\t\t<a href=\"https:\/\/boasnovas.me\/novosite\/?post_type=post&p=2162\">Read More <i class=\"fa fa-angle-right\"><\/i><\/a>\r\n\t\t\t<\/div>\r\n\t\t  <\/div>\t\t\r\n\t\t<div class=\"blog-item\">\r\n\t\t\t\t<div class=\"blog-img\"> <img src=\"https:\/\/boasnovas.me\/novosite\/wp-content\/uploads\/2017\/11\/blog_image2.jpg\" alt=\"Our Expert Team Member\" \/>\r\n\t\t\t\t<div class=\"cat_name\"><a href=\"https:\/\/boasnovas.me\/novosite\/category\/online-services\/\">Online<\/a><\/div>\r\n\t\t\t\t\t<div class=\"blog-img-content\">\r\n\t\t\t\t\t<div class=\"display-table\">\r\n\t\t\t\t\t\t<div class=\"display-table-cell\">\r\n\t\t\t\t\t\t\t<a class=\"blog-link\" href=\"https:\/\/boasnovas.me\/novosite\/?post_type=post&p=2163\" title=\"Our Expert Team Member\">\r\n\t\t\t\t\t\t\t\t<i class=\"fa fa-link\"><\/i>\r\n\t\t\t\t\t\t\t<\/a>\r\n\t\t\t\t\t\t\t\r\n\t\t\t\t\t\t<\/div>\r\n\t\t\t\t\t<\/div>\r\n\t\t\t\t<\/div>\t\t\t  \r\n\t\t\t<\/div>\r\n\t\t\t <div class=\"blog-meta\">\r\n\t\t\t <h3 class=\"blog-title\"><a href=\"https:\/\/boasnovas.me\/novosite\/?post_type=post&p=2163\"> Our Expert Team Member <\/a><\/h3>\r\n\t\t\t\t<div class=\"blog-date\">\r\n\t\t\t\t\t<i class=\"fa fa-calendar\"><\/i> 06\/11\/2017 \r\n\t\t\t\t\t<span class=\"author\"> <i class=\"fa fa-user\"><\/i> admin<\/span>\r\n\t\t\t\t<\/div>\r\n\t\t\t\t<div class=\"blog-lc\">\t\t\t\t\t\r\n\t\t\t\t\t<div class=\"comment\">\r\n\t\t\t\t\t\t<i class=\"fa fa-comments\"><\/i> 0\r\n\t\t\t\t\t<\/div>\r\n\t\t\t\t<\/div>\r\n\t\t\t<\/div>\r\n\t\t\t\r\n\t\t\t<div class=\"blog-desc\">\r\n\t\t\t\tLorem Ipsum is simply dummy text of the printing and typesetting industry. Lorem Ipsum has been the industry&rsquo;s standard dummy...\r\n\t\t\t<\/div>\r\n\t\t\t<div class=\"blog-button\">\r\n\t\t\t\t<a href=\"https:\/\/boasnovas.me\/novosite\/?post_type=post&p=2163\">Read More <i class=\"fa fa-angle-right\"><\/i><\/a>\r\n\t\t\t<\/div>\r\n\t\t  <\/div>\t\t\r\n\t\t<div class=\"blog-item\">\r\n\t\t\t\t<div class=\"blog-img\"> <img src=\"https:\/\/boasnovas.me\/novosite\/wp-content\/uploads\/2017\/11\/blog_image3.jpg\" alt=\"Make Perfect Your Business\" \/>\r\n\t\t\t\t<div class=\"cat_name\"><a href=\"https:\/\/boasnovas.me\/novosite\/category\/online-services\/\">Online<\/a><\/div>\r\n\t\t\t\t\t<div class=\"blog-img-content\">\r\n\t\t\t\t\t<div class=\"display-table\">\r\n\t\t\t\t\t\t<div class=\"display-table-cell\">\r\n\t\t\t\t\t\t\t<a class=\"blog-link\" href=\"https:\/\/boasnovas.me\/novosite\/?post_type=post&p=2151\" title=\"Make Perfect Your Business\">\r\n\t\t\t\t\t\t\t\t<i class=\"fa fa-link\"><\/i>\r\n\t\t\t\t\t\t\t<\/a>\r\n\t\t\t\t\t\t\t\r\n\t\t\t\t\t\t<\/div>\r\n\t\t\t\t\t<\/div>\r\n\t\t\t\t<\/div>\t\t\t  \r\n\t\t\t<\/div>\r\n\t\t\t <div class=\"blog-meta\">\r\n\t\t\t <h3 class=\"blog-title\"><a href=\"https:\/\/boasnovas.me\/novosite\/?post_type=post&p=2151\"> Make Perfect Your Business <\/a><\/h3>\r\n\t\t\t\t<div class=\"blog-date\">\r\n\t\t\t\t\t<i class=\"fa fa-calendar\"><\/i> 06\/11\/2017 \r\n\t\t\t\t\t<span class=\"author\"> <i class=\"fa fa-user\"><\/i> admin<\/span>\r\n\t\t\t\t<\/div>\r\n\t\t\t\t<div class=\"blog-lc\">\t\t\t\t\t\r\n\t\t\t\t\t<div class=\"comment\">\r\n\t\t\t\t\t\t<i class=\"fa fa-comments\"><\/i> 0\r\n\t\t\t\t\t<\/div>\r\n\t\t\t\t<\/div>\r\n\t\t\t<\/div>\r\n\t\t\t\r\n\t\t\t<div class=\"blog-desc\">\r\n\t\t\t\tLorem Ipsum is simply dummy text of the printing and typesetting industry. Lorem Ipsum has been the industry&rsquo;s standard dummy...\r\n\t\t\t<\/div>\r\n\t\t\t<div class=\"blog-button\">\r\n\t\t\t\t<a href=\"https:\/\/boasnovas.me\/novosite\/?post_type=post&p=2151\">Read More <i class=\"fa fa-angle-right\"><\/i><\/a>\r\n\t\t\t<\/div>\r\n\t\t  <\/div>\t\t\r\n\t\t<div class=\"blog-item\">\r\n\t\t\t\t<div class=\"blog-img\"> <img src=\"https:\/\/boasnovas.me\/novosite\/wp-content\/uploads\/2017\/11\/blog_image4.jpg\" alt=\"Check Our Project\" \/>\r\n\t\t\t\t<div class=\"cat_name\"><a href=\"https:\/\/boasnovas.me\/novosite\/category\/post-formats\/\">Formats<\/a><\/div>\r\n\t\t\t\t\t<div class=\"blog-img-content\">\r\n\t\t\t\t\t<div class=\"display-table\">\r\n\t\t\t\t\t\t<div class=\"display-table-cell\">\r\n\t\t\t\t\t\t\t<a class=\"blog-link\" href=\"https:\/\/boasnovas.me\/novosite\/?post_type=post&p=2150\" title=\"Check Our Project\">\r\n\t\t\t\t\t\t\t\t<i class=\"fa fa-link\"><\/i>\r\n\t\t\t\t\t\t\t<\/a>\r\n\t\t\t\t\t\t\t\r\n\t\t\t\t\t\t<\/div>\r\n\t\t\t\t\t<\/div>\r\n\t\t\t\t<\/div>\t\t\t  \r\n\t\t\t<\/div>\r\n\t\t\t <div class=\"blog-meta\">\r\n\t\t\t <h3 class=\"blog-title\"><a href=\"https:\/\/boasnovas.me\/novosite\/?post_type=post&p=2150\"> Check Our Project <\/a><\/h3>\r\n\t\t\t\t<div class=\"blog-date\">\r\n\t\t\t\t\t<i class=\"fa fa-calendar\"><\/i> 06\/11\/2017 \r\n\t\t\t\t\t<span class=\"author\"> <i class=\"fa fa-user\"><\/i> admin<\/span>\r\n\t\t\t\t<\/div>\r\n\t\t\t\t<div class=\"blog-lc\">\t\t\t\t\t\r\n\t\t\t\t\t<div class=\"comment\">\r\n\t\t\t\t\t\t<i class=\"fa fa-comments\"><\/i> 0\r\n\t\t\t\t\t<\/div>\r\n\t\t\t\t<\/div>\r\n\t\t\t<\/div>\r\n\t\t\t\r\n\t\t\t<div class=\"blog-desc\">\r\n\t\t\t\tLorem Ipsum is simply dummy text of the printing and typesetting industry. Lorem Ipsum has been the industry&rsquo;s standard dummy...\r\n\t\t\t<\/div>\r\n\t\t\t<div class=\"blog-button\">\r\n\t\t\t\t<a href=\"https:\/\/boasnovas.me\/novosite\/?post_type=post&p=2150\">Read More <i class=\"fa fa-angle-right\"><\/i><\/a>\r\n\t\t\t<\/div>\r\n\t\t  <\/div>\t\t\r\n\t\t<div class=\"blog-item\">\r\n\t\t\t\t<div class=\"blog-img\"> <img src=\"https:\/\/boasnovas.me\/novosite\/wp-content\/uploads\/2017\/11\/blog_image5.jpg\" alt=\"Check Our General Questions\" \/>\r\n\t\t\t\t<div class=\"cat_name\"><a href=\"https:\/\/boasnovas.me\/novosite\/category\/business-policy\/\">Business<\/a><\/div>\r\n\t\t\t\t\t<div class=\"blog-img-content\">\r\n\t\t\t\t\t<div class=\"display-table\">\r\n\t\t\t\t\t\t<div class=\"display-table-cell\">\r\n\t\t\t\t\t\t\t<a class=\"blog-link\" href=\"https:\/\/boasnovas.me\/novosite\/?post_type=post&p=2149\" title=\"Check Our General Questions\">\r\n\t\t\t\t\t\t\t\t<i class=\"fa fa-link\"><\/i>\r\n\t\t\t\t\t\t\t<\/a>\r\n\t\t\t\t\t\t\t\r\n\t\t\t\t\t\t<\/div>\r\n\t\t\t\t\t<\/div>\r\n\t\t\t\t<\/div>\t\t\t  \r\n\t\t\t<\/div>\r\n\t\t\t <div class=\"blog-meta\">\r\n\t\t\t <h3 class=\"blog-title\"><a href=\"https:\/\/boasnovas.me\/novosite\/?post_type=post&p=2149\"> Check Our General Questions <\/a><\/h3>\r\n\t\t\t\t<div class=\"blog-date\">\r\n\t\t\t\t\t<i class=\"fa fa-calendar\"><\/i> 06\/11\/2017 \r\n\t\t\t\t\t<span class=\"author\"> <i class=\"fa fa-user\"><\/i> admin<\/span>\r\n\t\t\t\t<\/div>\r\n\t\t\t\t<div class=\"blog-lc\">\t\t\t\t\t\r\n\t\t\t\t\t<div class=\"comment\">\r\n\t\t\t\t\t\t<i class=\"fa fa-comments\"><\/i> 0\r\n\t\t\t\t\t<\/div>\r\n\t\t\t\t<\/div>\r\n\t\t\t<\/div>\r\n\t\t\t\r\n\t\t\t<div class=\"blog-desc\">\r\n\t\t\t\tLorem Ipsum is simply dummy text of the printing and typesetting industry. Lorem Ipsum has been the industry&rsquo;s standard dummy...\r\n\t\t\t<\/div>\r\n\t\t\t<div class=\"blog-button\">\r\n\t\t\t\t<a href=\"https:\/\/boasnovas.me\/novosite\/?post_type=post&p=2149\">Read More <i class=\"fa fa-angle-right\"><\/i><\/a>\r\n\t\t\t<\/div>\r\n\t\t  <\/div>\t\t\r\n\t\t<\/div>\r\n\t\t\t<\/div>[\/vc_column][\/vc_row][vc_row full_width=&#8221;stretch_row&#8221; parallax=&#8221;content-moving&#8221; css=&#8221;.vc_custom_1589825752613{padding-top: 60px !important;padding-bottom: 95px !important;background-image: url(http:\/\/boasnovas.me\/novosite\/wp-content\/uploads\/2020\/05\/academia_big.jpg?id=4008) !important;}&#8221;][vc_column width=&#8221;1\/2&#8243; el_class=&#8221;rs-counter-title&#8221;][vc_empty_space height=&#8221;60px&#8221;][vc_column_text]<\/p>\n<h2 style=\"text-align: left;\"><span style=\"color: #ffffff;\">Academia de Comunica\u00e7\u00e3o<\/span><\/h2>\n<p>&nbsp;<\/p>\n<h3 style=\"text-align: left;\"><span style=\"color: #ffffff;\">Uma jornada completa de desenvolvimento<\/span><\/h3>\n<p>[\/vc_column_text][\/vc_column][vc_column width=&#8221;1\/2&#8243;][vc_column_text]<\/p>\n<p style=\"text-align: left;\"><span style=\"color: #ffffff;\">A <strong>#AcademiaDaComunica\u00e7\u00e3o<\/strong> \u00e9 o bra\u00e7o educacional da BoasNovas.<\/span><\/p>\n<p style=\"text-align: left;\"><span style=\"color: #ffffff;\">De olho nas necessidades dos profissionais e do mercado, criamos uma <strong>jornada de desenvolvimento focada em comunica\u00e7\u00e3o<\/strong>, tendo em mente direcionadores como <strong>autenticidade<\/strong>, <strong>qualidade<\/strong> e <strong>poder de transforma\u00e7\u00e3o<\/strong> nos neg\u00f3cios e na vida das pessoas.<\/span><\/p>\n<p style=\"text-align: left;\"><span style=\"color: #ffffff;\">S\u00e3o diferentes formatos, abertos ou in company, que assim como os conte\u00fados, podem ser customizados: <strong>talks<\/strong>, <strong>palestras<\/strong>, <strong>cursos<\/strong>, <strong>workshops<\/strong>, <strong>treinamentos<\/strong>, entre outros.<\/span><\/p>\n<p>[\/vc_column_text][vc_btn title=&#8221;Saiba mais&#8221; style=&#8221;outline-custom&#8221; outline_custom_color=&#8221;#ffffff&#8221; outline_custom_hover_background=&#8221;#ffffff&#8221; outline_custom_hover_text=&#8221;#f37f70&#8243; shape=&#8221;square&#8221; align=&#8221;center&#8221; link=&#8221;url:http%3A%2F%2Fboasnovas.me%2Fnovosite%2Facademia%2F|title:Academia||&#8221;][\/vc_column][\/vc_row][vc_row css=&#8221;.vc_custom_1505294554309{padding-top: 65px !important;padding-bottom: 65px !important;}&#8221; el_id=&#8221;rs-about&#8221; el_class=&#8221;rs-about&#8221;][vc_column css=&#8221;.vc_custom_1505208036130{padding-right: 65px !important;}&#8221;][vc_custom_heading text=&#8221;Servi\u00e7os&#8221; font_container=&#8221;tag:h2|text_align:left|color:%23f37f70&#8243;][vc_separator][vc_column_text css=&#8221;.vc_custom_1514801061127{padding-top: 24px !important;}&#8221;]Suspendisse ex neque, sollicitudin in velit eu, luctus gravida nunc. Nulla pul-vinar risus sed metus euismod sodales ut sed nisi. Nulla posuere suscipit finibus. Quisque placerat vitae lacus ut scelerisque. Fusce luctus odio ac nibh luctus, in porttitor lacus egestas. Nunc erat libero. Free online Lorem Ipsum dummy text generator with great features.[\/vc_column_text][\/vc_column][\/vc_row][vc_row][vc_column width=&#8221;1\/6&#8243;]<div class=\"rs-services\"><div class=\"service-inner services-style-2  \">\r\n\t\t<div class=\"services-wrap\"> \r\n         <div class=\"services-item\">\r\n            <div class=\"services-icon\">\r\n                <img src=\"https:\/\/boasnovas.me\/novosite\/wp-content\/uploads\/2020\/05\/2020_03_11_bn_site_servicos_diagnosticos_600x400px_v01.png\" alt=\"grassy-service\" \/>\r\n             <\/div>\r\n        \r\n\t\t<div class=\"services-desc\">\t\t\t\r\n\t\t\t \r\n\t\t<\/div>\t\t\r\n\t\t<\/div>\t\r\n\t<\/div>\r\n\t<h2 class=\"services-title services-title2\"><a href=\"http:\/\/boasnovas.me\/novosite\/sobre-nos\/\" title=\"Sobre N\u00f3s\">Diagn\u00f3sticos de Comunica\u00e7\u00e3o<\/a><\/h2>\r\n\t<\/div><\/div>[\/vc_column][vc_column width=&#8221;1\/6&#8243;]<div class=\"rs-services\"><div class=\"service-inner services-style-2  \">\r\n\t\t<div class=\"services-wrap\"> \r\n         <div class=\"services-item\">\r\n            <div class=\"services-icon\">\r\n                <img src=\"https:\/\/boasnovas.me\/novosite\/wp-content\/uploads\/2020\/05\/2020_03_11_bn_site_servicos_consultorias_600x400px_v01.png\" alt=\"grassy-service\" \/>\r\n             <\/div>\r\n        \r\n\t\t<div class=\"services-desc\">\t\t\t\r\n\t\t\t \r\n\t\t<\/div>\t\t\r\n\t\t<\/div>\t\r\n\t<\/div>\r\n\t<h2 class=\"services-title services-title2\"><a href=\"http:\/\/boasnovas.me\/novosite\/sobre-nos\/\" title=\"Sobre N\u00f3s\">Consultorias<\/a><\/h2>\r\n\t<\/div><\/div>[\/vc_column][vc_column width=&#8221;1\/6&#8243;]<div class=\"rs-services\"><div class=\"service-inner services-style-2  \">\r\n\t\t<div class=\"services-wrap\"> \r\n         <div class=\"services-item\">\r\n            <div class=\"services-icon\">\r\n                <img src=\"https:\/\/boasnovas.me\/novosite\/wp-content\/uploads\/2020\/05\/2020_03_11_bn_site_servicos_campanhas_600x400px_v01.png\" alt=\"grassy-service\" \/>\r\n             <\/div>\r\n        \r\n\t\t<div class=\"services-desc\">\t\t\t\r\n\t\t\t \r\n\t\t<\/div>\t\t\r\n\t\t<\/div>\t\r\n\t<\/div>\r\n\t<h2 class=\"services-title services-title2\"><a href=\"http:\/\/boasnovas.me\/novosite\/sobre-nos\/\" title=\"Sobre N\u00f3s\">Campanhas e A\u00e7\u00f5es<\/a><\/h2>\r\n\t<\/div><\/div>[\/vc_column][vc_column width=&#8221;1\/6&#8243;]<div class=\"rs-services\"><div class=\"service-inner services-style-2  \">\r\n\t\t<div class=\"services-wrap\"> \r\n         <div class=\"services-item\">\r\n            <div class=\"services-icon\">\r\n                <img src=\"https:\/\/boasnovas.me\/novosite\/wp-content\/uploads\/2020\/05\/2020_03_11_bn_site_servicos_editoriais_600x400px_v01.png\" alt=\"grassy-service\" \/>\r\n             <\/div>\r\n        \r\n\t\t<div class=\"services-desc\">\t\t\t\r\n\t\t\t \r\n\t\t<\/div>\t\t\r\n\t\t<\/div>\t\r\n\t<\/div>\r\n\t<h2 class=\"services-title services-title2\"><a href=\"http:\/\/boasnovas.me\/novosite\/sobre-nos\/\" title=\"Sobre N\u00f3s\">Editoriais On e Off-line<\/a><\/h2>\r\n\t<\/div><\/div>[\/vc_column][vc_column width=&#8221;1\/6&#8243;]<div class=\"rs-services\"><div class=\"service-inner services-style-2  \">\r\n\t\t<div class=\"services-wrap\"> \r\n         <div class=\"services-item\">\r\n            <div class=\"services-icon\">\r\n                <img src=\"https:\/\/boasnovas.me\/novosite\/wp-content\/uploads\/2020\/05\/2020_03_11_bn_site_servicos_evp_600x400px_v01.png\" alt=\"grassy-service\" \/>\r\n             <\/div>\r\n        \r\n\t\t<div class=\"services-desc\">\t\t\t\r\n\t\t\t \r\n\t\t<\/div>\t\t\r\n\t\t<\/div>\t\r\n\t<\/div>\r\n\t<h2 class=\"services-title services-title2\"><a href=\"http:\/\/boasnovas.me\/novosite\/sobre-nos\/\" title=\"Sobre N\u00f3s\">Cultura e EVP<\/a><\/h2>\r\n\t<\/div><\/div>[\/vc_column][vc_column width=&#8221;1\/6&#8243;]<div class=\"rs-services\"><div class=\"service-inner services-style-2  \">\r\n\t\t<div class=\"services-wrap\"> \r\n         <div class=\"services-item\">\r\n            <div class=\"services-icon\">\r\n                <img src=\"https:\/\/boasnovas.me\/novosite\/wp-content\/uploads\/2020\/05\/2020_03_11_bn_site_servicos_academia_600x400px_v01.png\" alt=\"grassy-service\" \/>\r\n             <\/div>\r\n        \r\n\t\t<div class=\"services-desc\">\t\t\t\r\n\t\t\t \r\n\t\t<\/div>\t\t\r\n\t\t<\/div>\t\r\n\t<\/div>\r\n\t<h2 class=\"services-title services-title2\"><a href=\"http:\/\/boasnovas.me\/novosite\/sobre-nos\/\" title=\"Sobre N\u00f3s\">Academia de Comunica\u00e7\u00e3o<\/a><\/h2>\r\n\t<\/div><\/div>[\/vc_column][\/vc_row]<\/p>\n","protected":false},"excerpt":{"rendered":"<p>[vc_row full_width=&rdquo;stretch_row_content_no_spaces&rdquo; css=&rdquo;.vc_custom_1509967740917{margin-top: 0px !important;margin-bottom: 0px !important;padding-top: 0px !important;padding-bottom: 0px !important;}&rdquo;][vc_column css=&rdquo;.vc_custom_1503251047476{margin-top: 0px !important;margin-bottom: 0px !important;}&rdquo;][rev_slider_vc alias=&rdquo;homepage2-11-1&Prime;][\/vc_column][\/vc_row][vc_row full_width=&rdquo;stretch_row&rdquo; parallax=&rdquo;content-moving&rdquo; css=&rdquo;.vc_custom_1515746488244{padding-top:&#8230;<\/p>\n","protected":false},"author":1,"featured_media":0,"parent":0,"menu_order":0,"comment_status":"closed","ping_status":"closed","template":"","meta":[],"yoast_head":"<!-- This site is optimized with the Yoast SEO plugin v14.1 - https:\/\/yoast.com\/wordpress\/plugins\/seo\/ -->\n<title>Home - BoasNovas<\/title>\n<meta name=\"robots\" content=\"index, follow\" \/>\n<meta name=\"googlebot\" content=\"index, follow, max-snippet:-1, max-image-preview:large, max-video-preview:-1\" \/>\n<meta name=\"bingbot\" content=\"index, follow, max-snippet:-1, max-image-preview:large, max-video-preview:-1\" \/>\n<link rel=\"canonical\" href=\"http:\/\/boasnovas.me\/novosite\/\" \/>\n<meta property=\"og:locale\" content=\"en_US\" \/>\n<meta property=\"og:type\" content=\"article\" \/>\n<meta property=\"og:title\" content=\"Home - BoasNovas\" \/>\n<meta property=\"og:description\" content=\"[vc_row full_width=&rdquo;stretch_row_content_no_spaces&rdquo; css=&rdquo;.vc_custom_1509967740917{margin-top: 0px !important;margin-bottom: 0px !important;padding-top: 0px !important;padding-bottom: 0px !important;}&rdquo;][vc_column css=&rdquo;.vc_custom_1503251047476{margin-top: 0px !important;margin-bottom: 0px !important;}&rdquo;][rev_slider_vc alias=&rdquo;homepage2-11-1&Prime;][\/vc_column][\/vc_row][vc_row full_width=&rdquo;stretch_row&rdquo; parallax=&rdquo;content-moving&rdquo; css=&rdquo;.vc_custom_1515746488244{padding-top:...\" \/>\n<meta property=\"og:url\" content=\"http:\/\/boasnovas.me\/novosite\/\" \/>\n<meta property=\"og:site_name\" content=\"BoasNovas\" \/>\n<meta property=\"article:modified_time\" content=\"2021-01-22T14:54:56+00:00\" \/>\n<meta name=\"twitter:card\" content=\"summary_large_image\" \/>\n<script type=\"application\/ld+json\" class=\"yoast-schema-graph\">{\"@context\":\"https:\/\/schema.org\",\"@graph\":[{\"@type\":\"WebSite\",\"@id\":\"https:\/\/boasnovas.me\/novosite\/#website\",\"url\":\"https:\/\/boasnovas.me\/novosite\/\",\"name\":\"BoasNovas\",\"description\":\"Comunica\\u00e7\\u00e3o de Verdade\",\"potentialAction\":[{\"@type\":\"SearchAction\",\"target\":\"https:\/\/boasnovas.me\/novosite\/?s={search_term_string}\",\"query-input\":\"required name=search_term_string\"}],\"inLanguage\":\"en-US\"},{\"@type\":\"WebPage\",\"@id\":\"http:\/\/boasnovas.me\/novosite\/#webpage\",\"url\":\"http:\/\/boasnovas.me\/novosite\/\",\"name\":\"Home - BoasNovas\",\"isPartOf\":{\"@id\":\"https:\/\/boasnovas.me\/novosite\/#website\"},\"datePublished\":\"2020-05-08T13:22:24+00:00\",\"dateModified\":\"2021-01-22T14:54:56+00:00\",\"inLanguage\":\"en-US\",\"potentialAction\":[{\"@type\":\"ReadAction\",\"target\":[\"http:\/\/boasnovas.me\/novosite\/\"]}]}]}<\/script>\n<!-- \/ Yoast SEO plugin. -->","_links":{"self":[{"href":"https:\/\/boasnovas.me\/novosite\/wp-json\/wp\/v2\/pages\/3648"}],"collection":[{"href":"https:\/\/boasnovas.me\/novosite\/wp-json\/wp\/v2\/pages"}],"about":[{"href":"https:\/\/boasnovas.me\/novosite\/wp-json\/wp\/v2\/types\/page"}],"author":[{"embeddable":true,"href":"https:\/\/boasnovas.me\/novosite\/wp-json\/wp\/v2\/users\/1"}],"replies":[{"embeddable":true,"href":"https:\/\/boasnovas.me\/novosite\/wp-json\/wp\/v2\/comments?post=3648"}],"version-history":[{"count":37,"href":"https:\/\/boasnovas.me\/novosite\/wp-json\/wp\/v2\/pages\/3648\/revisions"}],"predecessor-version":[{"id":4052,"href":"https:\/\/boasnovas.me\/novosite\/wp-json\/wp\/v2\/pages\/3648\/revisions\/4052"}],"wp:attachment":[{"href":"https:\/\/boasnovas.me\/novosite\/wp-json\/wp\/v2\/media?parent=3648"}],"curies":[{"name":"wp","href":"https:\/\/api.w.org\/{rel}","templated":true}]}}